
What is -7378aa (base 12) in base 5?
-431124120
-9e8767 (base 16) to base 15
-da34d6
What is 430546 (base 8) in base 16?
23166
Convert 1031344 (base 6) to base 12.
25554
Convert 1332661 (base 9) to base 12.
2b273a
Convert -64476 (base 12) to base 5.
-13210434
22250134 (base 8) to base 16
49505c
What is -370ca (base 13) in base 15?
-1eed8
What is -7430647 (base 8) in base 2?
-111100011000110100111
What is 131133 (base 7) in base 13?
b16c
521151 (base 6) to base 13
1600c
Convert -205333301 (base 7) to base 13.
-26a4523
Convert 10001101010000111101 (base 2) to base 3.
1002101201102
What is 22cb83 (base 14) in base 15?
186d89
Convert -92e (base 16) to base 12.
-143a
Convert 1220121022 (base 3) to base 2.
1001001011110011
Convert 2004713 (base 8) to base 2.
10000000100111001011
-4647626 (base 9) to base 3
-11201121200220
Convert 410c8 (base 14) to base 2.
100110001110101000
What is 141401 (base 8) in base 4?
30030001
Convert -534510513 (base 6) to base 10.
-9464877
What is -2570206 (base 8) in base 11?
-44a709
What is 7edbf (base 16) in base 8?
1766677
100001111000011100100 (base 2) to base 9
2071864
Convert -1211021423 (base 5) to base 3.
-12022202111111
Convert -682360 (base 13) to base 4.
-21120320221
What is -100000102120 (base 3) in base 14?
-48959
Convert -79a05 (base 13) to base 2.
-110110000011010011
Convert -200202001211 (base 3) to base 11.
-2321a5
What is -124312102 (base 6) in base 7?
-26556242
What is 12032110331 (base 4) in base 9?
3056052
What is -212020100022 (base 4) in base 8?
-46102012
Convert -4730203 (base 8) to base 6.
-43353535
-10221100211121 (base 3) to base 11
-11aaa25
Convert 3103331 (base 6) to base 16.
24427
What is 11011100000000100 (base 2) in base 13?
3c36c
What is -3660575 (base 11) in base 12?
-2172096
What is 11212100222 (base 3) in base 16?
17618
Convert 100010011011001001111011 (base 2) to base 5.
4302232443
Convert -1e907 (base 15) to base 5.
-11144112
Convert -10101011111010011111 (base 2) to base 6.
-23031555
What is -24220263 (base 7) in base 14?
-401b33
-4619 (base 10) to base 2
-1001000001011
What is -20237623 (base 9) in base 13?
-201c486
Convert 211000120212212 (base 3) to base 9.
24016785
What is -112434023 (base 5) in base 9?
-864257
Convert -111000010010100000 (base 2) to base 13.
-80c35
Convert -215a83 (base 14) to base 4.
-10103312003
Convert 1010011000011 (base 2) to base 9.
7255
Convert 22545210 (base 6) to base 15.
dbe06
4d143a (base 15) to base 7
43310020
What is 322403231 (base 5) in base 4?
11033002130
Convert -a035 (base 13) to base 15.
-67c9
45074 (base 10) to base 2
1011000000010010
Convert 2043948 (base 10) to base 12.
826a10
-100001103 (base 4) to base 14
-19cb1
Convert -ffee (base 16) to base 8.
-177756
Convert 33512 (base 14) to base 11.
85580
What is 6182414 (base 9) in base 15?
45356d
What is -20200102 (base 5) in base 11?
-101122
Convert 66234042 (base 7) to base 13.
12427bc
What is -3cbcc (base 14) in base 13?
-5367b
Convert -853bad (base 16) to base 8.
-41235655
-100010010111011100001000 (base 2) to base 14
-12a71b2
Convert -1b58aa (base 12) to base 10.
-486850
-386754 (base 10) to base 9
-648466
-328a7 (base 13) to base 5
-10412231
What is -1fff8 (base 16) in base 5?
-13143224
-444974 (base 11) to base 4
-2231022032
1121202323 (base 4) to base 13
cac3a
What is -71c8 (base 14) in base 6?
-230352
What is -4790b (base 16) in base 11?
-190263
13303212 (base 5) to base 3
20211220212
What is 225412111 (base 6) in base 11?
23a94a1
-513443 (base 6) to base 16
-a023
Convert -6c4 (base 15) to base 10.
-1534
-352035434 (base 6) to base 5
-3133140344
Convert 4376034 (base 8) to base 12.
48a110
1453821 (base 12) to base 6
223405241
What is -1052661 (base 8) in base 16?
-455b1
-14334334 (base 5) to base 13
-54525
Convert -5eb1a (base 15) to base 12.
-127337
What is -64e1 (base 15) in base 12?
-10441
692777 (base 10) to base 13
1b3437
111057 (base 15) to base 3
1112022212001
What is -2a932c (base 15) in base 5?
-1011243332
Convert 36c873 (base 15) to base 4.
22000230123
-2102212 (base 6) to base 8
-306340
What is 40034121 (base 5) in base 13?
b044c
Convert -24dba2 (base 15) to base 16.
-1af948
-232112031 (base 4) to base 9
-318360
What is 10000001110110111001100 (base 2) in base 10?
4255180
What is 33a002 (base 11) in base 12?
220884
Convert -12210100000110 (base 3) to base 10.
-3077121
16d906 (base 15) to base 3
2002100022020
What is -201021232 (base 5) in base 3?
-1111120002022
-4666530 (base 7) to base 16
-8f988
Convert 251031015 (base 6) to base 12.
173b46b
1412416 (base 7) to base 4
231330031
-1b63628 (base 13) to base 10
-9090037
-10212032 (base 9) to base 8
-22564073
What is -3266651 (base 7) in base 2?
-1100010011110011011
22222121100120 (base 3) to base 12
1723520
-260ba (base 15) to base 13
-434c8
What is 1021324022 (base 5) in base 15?
2c2de2
What is -947ab (base 12) in base 9?
-326035
What is -44692 (base 11) in base 12?
-3154b
Convert 2150a32 (base 11) to base 9.
7088260
Convert -12847576 (base 9) to base 8.
-30162360
Convert 94830 (base 15) to base 14.
c38ca
What is -b55748 (base 12) in base 16?
-2b7ee8
14401640 (base 8) to base 9
6145170
Convert -272612 (base 9) to base 7.
-1260623
Convert -1103331001 (base 5) to base 6.
-123252213
b3433 (base 12) to base 10
233895
136d03 (base 15) to base 6
32010020
Convert 1101101001101100101 (base 2) to base 9.
751556
14b041 (base 14) to base 12
2a9801
-8e4a0 (base 15) to base 2
-1101110101010110100
Convert 59b7 (base 14) to base 9.
23413
4134134 (base 7) to base 10
496052
Convert 61a90 (base 11) to base 14.
24d94
Convert -9ac03 (base 13) to base 4.
-1010213122
What is 1192662 (base 11) in base 5?
1012132322
Convert -323135 (base 10) to base 6.
-10531555
What is 440334334 (base 5) in base 13?
510a9b
Convert -a6aa2 (base 13) to base 11.
-195946
11101212 (base 4) to base 15
6606
What is 102200111121 (base 3) in base 6?
4532454
24d7ae (base 15) to base 8
6572720
What is 555436 (base 10) in base 14?
1065c0
What is -1259589 (base 11) in base 14?
-40a421
-1111110110110000000 (base 2) to base 10
-519552
Convert -246366 (base 8) to base 5.
-10211423
Convert -2785d (base 14) to base 4.
-113312123
Convert -200322310022 (base 4) to base 11.
-4964533
What is 72aa1 (base 16) in base 9?
785230
113803 (base 9) to base 7
403362
Convert 48815 (base 14) to base 11.
111154
Convert -253777 (base 8) to base 15.
-1b15d
Convert 5779356 (base 11) to base 9.
21003600
What is 1210121101122 (base 3) in base 4?
3221210333
What is -7b1a (base 12) in base 6?
-143234
Convert -5003200 (base 10) to base 12.
-1813454
What is -668aa (base 15) in base 5?
-40412320
4124442 (base 5) to base 10
67497
Convert -2c110 (base 13) to base 3.
-11020202211
Convert -6716c1 (base 13) to base 12.
-992a39
What is 1b689 (base 13) in base 14?
158ab
43224132 (base 5) to base 12
158761
Convert -2304211414 (base 5) to base 6.
-302200034
5828e2 (base 15) to base 2
10000000011111111001101
What is -78918a (base 11) in base 3?
-2100211211211
Convert 103524 (base 9) to base 11.
42368
What is 11200133011 (base 4) in base 15?
1d7bc1
1b75c (base 14) to base 7
411145
Convert 431ab (base 13) to base 9.
204155
Convert 1010303101 (base 4) to base 3.
112022120101
What is -5002504 (base 6) in base 3?
-102212211211
-556930 (base 11) to base 12
-369780
What is 20200001221122 (base 3) in base 16?
361529
What is 21114423 (base 5) in base 7?
1332546
Convert -184ca (base 14) to base 13.
-21bb9
Convert -1011110012011 (base 3) to base 11.
-393122
What is 2101413403 (base 5) in base 16?
4202d7
What is 11100011100010001100 (base 2) in base 12?
38b410
51164240 (base 7) to base 8
20220053
144132 (base 7) to base 12
14153
What is -226995 (base 11) in base 3?
-200022121012
What is -3123030210 (base 4) in base 6?
-31124340
Convert -211022233330 (base 4) to base 15.
-cc6dc1
What is -381797 (base 10) in base 14?
-9d1d3
Convert 3233242 (base 5) to base 12.
28107
4119cb (base 13) to base 16
172832
-1263352 (base 8) to base 11
-221a92
Convert -242334040 (base 5) to base 16.
-115882
Convert e8c94 (base 16) to base 15.
13c7b2
What is 2563333 (base 8) in base 10?
714459
What is 14014032 (base 6) in base 11?
2a0198
-4673521 (base 8) to base 13
-358890
Convert -5600524 (base 9) to base 2.
-1011011111010101010110
What is -34aa9 (bas